 the highest common divisor of 874 and p?
38
Let u be (-5 + 0)/((-10)/6). Suppose 4*a = -5*f - 1593, -2*f - 177 = -u*a - 1343. Let p be (2 + -5)*a/42. Calculate the highest common factor of 70 and p.
14
Suppose -187*r + 185927 = 46051. Calculate the greatest common factor of 220 and r.
44
Let a = 10 - 61. Let v = a - -45. Let i(o) = -11*o + 6. Let z be i(v). What is the greatest common divisor of 24 and z?
24
Suppose 2*s + 3*s = 275. Let g = s - 32. Suppose 0 = 5*d - 112 - 808. What is the highest common factor of d and g?
23
Let i(l) = 41*l**2 - 286*l - 84. Let v be i(8). What is the highest common factor of 469 and v?
7
Let a(o) = 4*o**2 - 5*o - 9. Let t be a(5). Let p = 4 + t. Let q be (-30)/4*(4 + -16 - -8). What is the greatest common divisor of q and p?
10
Let l(q) = -q**3 + 10*q**2 + 12*q + 25. Let z be l(10). Let h = z + -129. What is the highest common divisor of h and 352?
16
Let k be (175/20)/7 + 4260/48. Calculate the greatest common divisor of 1215 and k.
45
Suppose -90 = -5*o + 10*o. Let k be -3 + (-57)/o + 299/6. Let a = -47 + k. What is the highest common factor of a and 21?
3
Let l(m) = 26*m. Let z be l(6). Suppose -a - 5*n = -190, 406*n - 409*n = 9*a - 1206. What is the greatest common factor of z and a?
26
Suppose 0 = -11*j - 41 - 36. Let q be j + 576 + 1 - (0 + 0). What is the greatest common factor of 30 and q?
30
Suppose -115*p + 15819 + 7756 = 0. Let d be (-2)/(-5)*2050/(-30)*-3. What is the highest common divisor of p and d?
41
Let f be 10 + (1 - (1 - 0)). Let t(q) = -q**2 - 25*q + 2. Let n be t(-25). Let u be (-610)/(-427)*7/n. What is the greatest common factor of f and u?
5
Let o be (-1 + 1)*(3 - 2)*-1. Suppose -8*x - 10 = -3*x, -4*v - 5*x + 166 = o. What is the greatest common divisor of v and 396?
44
Suppose 5*z - 32 + 14 = -4*f, 4*z - 12 = -2*f. Suppose -z*h - 45 = -5*h. What is the highest common divisor of 75 and h?
15
Let x = -335 - -329. Let t(f) = -f**3 - f**2 + 21*f - 14. Let q be t(x). Calculate the greatest common factor of 90 and q.
10
Let c = -430 + 424. Let a be (c/(-5))/(((-55)/(-75))/11). Calculate the greatest common divisor of 30 and a.
6
Let g be (-20)/(-5) + 10 + 3. Let w(y) = y**2 - 18*y + 136. Let h be w(g). Let d = 20 + -3. Calculate the greatest common divisor of h and d.
17
Suppose 96*k - 48 = 100*k. Let v(o) = -28*o - 121. Let p be v(k). Calculate the highest common factor of p and 86.
43
Let y(s) = -255*s + 247. Let x be y(-4). Calculate the highest common factor of 543 and x.
181
Let x be (-9)/((-7)/(-2 + 16)). Let i = 1043 + -869. What is the highest common divisor of x and i?
6
Let o = 54 - 49. Let j be 2 + (o + -2)/(3/2). Suppose c + 3*y - 36 = -2*y, j*c - 4*y = 240. Calculate the highest common factor of c and 8.
8
Let i = -317 + 322. What is the greatest common divisor of 11 and i?
1
Suppose -3*y = -4*l - 6, -3*y - 7*l = -3*l - 6. Let s = 87 + -71. What is the greatest common divisor of y and s?
2
Let l(p) = 142*p + 830. Let i be l(23). What is the greatest common divisor of 128 and i?
128
Let t(i) = -7*i + 41. Let p be t(0). Suppose 37*q = p*q - 552. Calculate the greatest common factor of q and 6.
6
Suppose 4*g - 4*p = -2320, -3*g - 1239 - 494 = 4*p. Let b = 664 + g. Calculate the highest common factor of 10 and b.
5
Suppose 25*x = 100*x + 29*x - 71552. Let g be (0 - (-20 - -1)) + (12 - 15). Calculate the greatest common factor of x and g.
16
Suppose 3*s + 2*t = -s, 18 = -s - 5*t. Let o(v) = 12*v - 20. Let h be o(s). Calculate the highest common factor of h and 44.
4
Suppose 5*j = -2*u + 400, 3*j - 204 - 50 = -4*u. Let l(q) = -q**2 + 13*q - 16. Let i be l(14). Let v = i + j. Calculate the highest common factor of 12 and v.
12
Suppose 15 = -i + 3*m, -10*i + 2*m = -6*i. Calculate the greatest common divisor of 96 and i.
3
Let q = -432 - -445. Let x be 1 - -287 - (29 + -3)/q. Calculate the greatest common divisor of x and 22.
22
Let q(w) = -2*w**2 + 8*w + 1. Let j be q(10). Let m = j + 122. Calculate the highest common factor of 1 and m.
1
Suppose 4*l + 11 = 3*o, -2*o - 2*o = -2*l - 18. Suppose k - 11 = o. Suppose 336 = -a + 4*a. What is the greatest common divisor of k and a?
16
Suppose -21*w + 74 + 52 = 0. Let a(g) = 52*g - 188. Let p be a(w). Calculate the greatest common factor of p and 4.
4
Let i = -21144 - -21241. Calculate the greatest common divisor of 23183 and i.
97
Suppose -180*t + 41391 = -62*t + 101*t. Calculate the greatest common divisor of 243 and t.
27
Let d be ((-114)/(-190))/(2/370). Calculate the greatest common divisor of 12099 and d.
111
Let m = 8365 + -6249. What is the greatest common factor of m and 8?
4
Let j be -5 + (8 - -3) - 3. Suppose 0 = -b + j*b - 114. Calculate the greatest common divisor of 513 and b.
57
Let n be (20/(-15))/((-6)/9). Suppose 0 = 4*f - 6*f + n. Let m be 12*(-1)/(-2) - f. What is the greatest common divisor of m and 25?
5
Let u(q) = -6*q**2 - 173*q + 18. Let v be u(-27). Calculate the greatest common factor of 189 and v.
63
Let y(b) = -9*b + 72. Let n be y(-26). Suppose 3*w + 3*l - 185 = 46, -3*l = 4*w - n. What is the highest common divisor of w and 45?
15
Let v = 159 - 134. Suppose 0 = -v*q - 284 + 3534. What is the greatest common factor of 26 and q?
26
Let s = 42 + -38. Let a be 574/11 - (s/11)/2. Let p be 3/(-5) + 6/(120/a). Calculate the highest common divisor of 18 and p.
2
Let w be 1/(4/(-14)*(-476)/11832). What is the greatest common factor of 551 and w?
29
Suppose -27*r + 21 = 27*r - 53*r. Suppose 4*n = 20, -3*l - 2*l = -3*n - 75. Calculate the highest common divisor of l and r.
3
Let w(n) = n**3 - 7*n**2 + 8*n + 6. Let p be w(2). Suppose 0 = 172*u - 176*u + 20. Calculate the greatest common divisor of u and p.
1
Let t(q) = 679*q - 3738. Let h be t(6). What is the greatest common factor of h and 96?
48
Suppose -210239 = -218*m + 149025. What is the highest common factor of 48 and m?
16
Suppose -148*c = -116*c - 3136. What is the highest common factor of c and 2989?
49
Let p = 77026 + -77012. Let l(z) = 8*z**2 + z - 2. Let r be l(-2). What is the highest common divisor of r and p?
14
Suppose 844 = 100*b + 44. What is the highest common divisor of b and 2776?
8
Suppose 18*f = 1139 - 383. Suppose 0 = -4*h + 2*h + 10. Suppose 0 = h*r + 15, 5*l - 54 = r - 21. What is the highest common factor of l and f?
6
Let d(z) = -22*z - 4. Let v(s) = -s + 1. Let t(y) = d(y) + 5*v(y). Let g be t(-1). Let b = 29 - g. Calculate the highest common divisor of 1 and b.
1
Let d(n) = 107*n + 28596. Let u be d(-267). Suppose -t - 2*t = -432. Calculate the highest common factor of t and u.
9
Suppose 0 = 3*c + 4*m - 35, -4*c + 145*m - 142*m + 5 = 0. Calculate the greatest common divisor of c and 1920.
5
Let q = 244 + 4. Let t(b) = 3*b**2 + 20*b + 3. Let x be t(-8). Let i = x + -4. What is the highest common divisor of i and q?
31
Suppose 21060 = 13*p - 4*p. Suppose 0 = -4*o - 11*o + p. What is the greatest common factor of 52 and o?
52
Suppose 2*m + 4*d = 990, 4*m + 15*d - 1980 = 10*d. What is the highest common divisor of 220 and m?
55
Let j be 28*(42/(-24) - -2). Suppose -2*a + 612 = j*a. What is the greatest common factor of 85 and a?
17
Suppose -4*f = -i + 347, f = -9*i + 4*i - 113. Let j = f + 113. Let p be (-84)/(-5) - (-5)/j. What is the highest common divisor of p and 136?
17
Suppose 3*p = -3*t + 9, -9*t = -14*t - 4*p + 17. Let l be t/(-40) + 642/16. Let q(a) = 21*a - 1. Let m be q(1). What is the greatest common divisor of l and m?
20
Suppose -31 - 50 = 3*y. Let t be 2 - 0 - (-12 + y). Suppose 43*a = t*a + 60. What is the greatest common factor of a and 20?
10
Suppose 6783 = 82*z - 7977. What is the greatest common divisor of 1305 and z?
45
Let r = -1 + 10. Suppose r*z + 7*z - 6*z = 0. Suppose -13*n + 16*n - 42 = z. What is the greatest common divisor of n and 49?
7
Let g(b) = -2*b**3 + 14*b**2 + 15*b - 97. Let l be g(7). Calculate the highest common divisor of l and 52.
4
Suppose 7*j - 14 = 6*j. Let c(i) = -i**3 - i**2 - 35*i + 35. Let f be c(-7). What is the highest common factor of f and j?
14
Suppose -4*h - 2*c + 275 = 91, -h + 32 = -3*c. Suppose o + 3*s = -s + h, 146 = 4*o + s. Calculate the greatest common divisor of 18 and o.
18
Suppose -8 = 2*p, 5*p = -4*x + 3*x + 23. Let u = 46 - x. Suppose -u*g = g - 100. What is the greatest commo